e 0*q - 4*q = 5*t - 48, 4*t - 3*q = 57. Calculate the greatest common divisor of v and t.
12
Let g be ((-21)/(-12) + 4)*-4. Let d = 26 + g. Suppose -2*c + 5 - d = 0. Calculate the greatest common divisor of c and 1.
1
Let o = 855 - 845. What is the greatest common factor of o and 830?
10
Let a be 21/(-2)*(-12)/45*-5. Let m = a + 25. What is the highest common divisor of m and 33?
11
Let b = 124 + -88. Let t be (16/10)/((-4)/(-60)*2). Calculate the greatest common divisor of b and t.
12
Let f = 5 - -7. Let a(q) = q**2 - 6*q - 7. Let n be a(9). Let l = n - 16. What is the highest common factor of f and l?
4
Let o be (-3)/(3/(-4))*(-703)/(-76). Let a = -26 + o. Calculate the greatest common factor of 99 and a.
11
Let g(o) = -o**3 + 19*o + 70. Let a be g(-4). What is the greatest common factor of 29 and a?
29
Let c = -162 - -239. Calculate the greatest common factor of c and 35.
7
Let b = 25 - 27. Suppose -4 - 11 = 5*a. Let j be (12/a + 2)/b. Calculate the greatest common factor of j and 4.
1
Suppose -4162 - 2446 = -16*f. What is the greatest common divisor of 7 and f?
7
Let t be 144/(-3 - 44/(-12)). Calculate the greatest common divisor of t and 144.
72
Let n be (-558)/(-8) - 3/(-12). Suppose -5*g + 5 = w - 5, -5*w - 2 = -g. Suppose -2*k - 3*k + 50 = w. What is the greatest common factor of n and k?
10
Let p(k) = k**2 + 53*k - 282. Let u be p(-58). Suppose 3*q - 2*n - 30 = 0, 0*n = -2*q + 5*n + 9. What is the highest common divisor of u and q?
4
Let d = 1372 - 1344. Calculate the highest common divisor of d and 210.
14
Let m be 91*(2 - (-30)/21). Calculate the greatest common factor of 39 and m.
39
Suppose -4*v - 7*x + 3*x - 16 = 0, -2*v = -2*x + 8. Let b(s) = 6*s**2 + 2*s + 8. Let h be b(v). What is the greatest common divisor of h and 12?
12
Let d be (150/21 + -2)/(12/168). Let k(g) = -g + 17. Let r be k(0). Let z be (-3)/(-3 - 0) + r. Calculate the greatest common divisor of z and d.
18
Suppose -252 = 2*c - 254. Calculate the greatest common factor of 179 and c.
1
Suppose -t + 0*t = -20. Let k(f) = -f**3 - 1. Let h be k(0). Let u be -3*h/(6/8). Calculate the greatest common factor of t and u.
4
Let s = 100 + -97. Suppose 5*o - 90 = -b + 5, 0 = s*b. What is the greatest common factor of 76 and o?
19
Let d = -78 - -120. Calculate the greatest common factor of d and 147.
21
Let p = 758 + -747. What is the greatest common factor of p and 407?
11
Let r be 1 + (18 - 1/1). Let g(l) = 9*l**2 + 3*l. Suppose 8*j + 3 = 7*j. Let u be g(j). What is the highest common divisor of r and u?
18
Let u(j) = 4*j + 49. Let q be u(19). Suppose 0 = -4*l - 333 + 9. Let s = l + q. Calculate the greatest common divisor of s and 11.
11
Let p(a) = -3*a + 24. Let r be p(7). Suppose c = -r*b + 700, -345 = -3*b - 2*c + 353. What is the greatest common factor of b and 18?
18
Suppose 25*r + 63*r - 2464 = 0. What is the greatest common divisor of r and 84?
28
Suppose 0 = -2*v - 51 + 85. What is the greatest common factor of v and 2?
1
Let t = 2625 + -2606. What is the greatest common factor of 133 and t?
19
Let z be (4/12)/((-3)/(-54)). Let b be 6/(-4)*16/z. Let m = b + 49. What is the highest common factor of m and 30?
15
Let u be 1*-29 - 4/2. Let d = -19 - u. What is the highest common factor of 3 and d?
3
Let n(z) = z**3 + 6*z - 4. Let q be n(4). Suppose -64 = -4*f + f - 4*i, i = -f + 22. What is the greatest common divisor of f and q?
12
Let u be 0/2 + (5 - (-20)/2). Calculate the highest common divisor of u and 120.
15
Let s(m) = m**2 - 6*m - 3. Let u be s(3). Let g = u + 28. Let l = -52 - -84. What is the greatest common factor of l and g?
16
Let j = 3 - -1. Let k(v) be the first derivative of v**3/3 + v**2 - 23. Let c be k(j). What is the greatest common divisor of c and 168?
24
Let u = -171 + 319. Calculate the highest common divisor of u and 37.
37
Let o = 455 - 301. Calculate the greatest common factor of o and 112.
14
Suppose 0*x + 2*x - 4 = 0. Let q = 8 - x. Let d = 82 + -52. Calculate the greatest common factor of d and q.
6
Let v(o) = -o**3 + 8*o**2 - 5*o - 12. Let n be v(7). Suppose 6 = -n*c, 5*s = -2*c - c + 516. What is the highest common divisor of s and 15?
15
Let w be (1 + -3 - -1)*-14. Let u(j) = -13*j - 12*j**2 - 2*j**3 + j**3 - 1 - 14. Let z be u(-11). Calculate the highest common divisor of z and w.
7
Suppose -4*s = -12, -4*r - 83*s + 18389 = -84*s. What is the highest common divisor of 19 and r?
19
Let p be (11 + (-893)/76)*(-16 - 0). What is the highest common divisor of p and 148?
4
Suppose 19*v - 30*v + 7788 = 0. Calculate the greatest common divisor of v and 36.
12
Suppose 18 - 22 = 2*c. Let q be -13 - -17 - 18*c. Calculate the greatest common divisor of q and 280.
40
Let j be 9 + ((-2)/(-8))/((-8)/(-160)). Calculate the highest common factor of 1246 and j.
14
Let t = -2 - -3. Suppose 2 + 2 = v + w, 0 = -4*v - w + 4. Let i be v - 12/(-3 - 0). Calculate the highest common divisor of i and t.
1
Suppose 20 = 4*q, -p + 3*q + 12 = -12. Calculate the greatest common factor of 2613 and p.
39
Suppose 5*c - 71 = 3*r + c, -4*c - 16 = 0. Let i = r - -62. Let s = i - 17. Calculate the greatest common factor of 24 and s.
8
Let b = -96 - -162. Let v = -56 - -62. Calculate the greatest common divisor of b and v.
6
Suppose -5*l - 71 = -3*z, -z - 20*l + 47 = -17*l. Calculate the greatest common divisor of z and 168.
8
Let q(p) = -8*p - 79. Let d be q(-10). Calculate the highest common factor of d and 8.
1
Let m be -9*1/(-6)*2. Let f be m - (3 - (1 + 3)). Let r be (f/(-2))/((-6)/9). Calculate the greatest common factor of 3 and r.
3
Let g be (4/12)/((-5)/(-2535)). Calculate the highest common factor of 104 and g.
13
Let s = 18 - 16. Suppose -v - t = -7, 0*v - v + 2*t = 8. What is the greatest common divisor of s and v?
2
Let c = -2939 + 6305. Let y be 4/(-14) - c/(-119). What is the greatest common factor of 42 and y?
14
Let r(a) be the third derivative of 0 + 0*a - 4*a**2 - 1/6*a**3 + 1/3*a**4 - 1/60*a**5. Let g be r(7). Calculate the greatest common factor of g and 30.
6
Suppose -2 - 6 = -4*d. Let x be -8*-3*(d/(-3) + 1). Calculate the highest common divisor of x and 40.
8
Suppose -3*s = 3*z - 12, -3*s = -34 + 28. What is the greatest common factor of 19 and z?
1
Suppose 6*c - 3*c - 3*g - 165 = 0, 3*g = 5*c - 265. Let t = -9 + 19. Calculate the greatest common factor of t and c.
10
Let m = 18 + -11. Suppose -x = -0*x + q + m, -x + 5*q = 25. Let r = -3 - x. Calculate the highest common factor of r and 14.
7
Suppose 0 = -0*z - 2*z - 5*b + 25, -112 = -5*z + 4*b. Let n = 81 + -21. Calculate the highest common divisor of z and n.
20
Let a(t) = -12*t - 21. Let w be a(-4). Let z(q) = 4*q**2 - 2*q - 3. Let i be z(3). What is the greatest common divisor of i and w?
27
Let u be 3/(-7) - (2266/(-77) + 7). Calculate the greatest common factor of 550 and u.
22
Let z be (-6 - -3) + -2*(-135)/2. Suppose 5*c - 49 = 11. Calculate the highest common factor of c and z.
12
Suppose 0 = 41*p - 31*p - 2640. What is the highest common divisor of 231 and p?
33
Let a(o) = o**3 - o**2 + o - 3. Let j be a(2). Suppose j*t - 66 = 18. What is the greatest common divisor of t and 14?
14
Let x(s) = -2*s**2 + 33*s - 25. Let a be x(15). Let z(w) = w**2 + w - 2. Let h be z(2). Let u = a - h. Calculate the greatest common divisor of 16 and u.
16
Suppose -5*x - b + 9 = 0, x - 7*b + 3*b - 6 = 0. Suppose -5*k + 28 = -x. Let f = -118 + 178. What is the greatest common divisor of k and f?
6
Let k(u) = -9*u + 23. Let z be (6*2)/(-4) - -2. Let x(v) = v. Let d(t) = z*k(t) - 6*x(t). Let q be d(16). What is the greatest common factor of q and 75?
25
Suppose 0*f + 3*f = 0, 3*r - 105 = -2*f. Let p be ((-18)/(-21))/(5/r). Calculate the highest common divisor of p and 6.
6
Let p(s) = -18 - s + 3*s - 4*s. Let f = -85 + 74. Let m be p(f). Calculate the highest common divisor of m and 4.
4
Let v(x) = -x**2 + 25*x + 12. Let i be v(25). Calculate the highest common factor of 52 and i.
4
Suppose 7*h + 11*h - 1458 = 0. What is the highest common divisor of 108 and h?
27
Suppose -4*n = -96 - 4. Suppose 0*c - c + 31 = 3*h, 5*h = 5*c + n. Suppose -4*v - 75 = -2*s - h*v, -12 = -4*v. What is the greatest common factor of 6 and s?
6
Suppose 2*i + i = 105. Let a be -6*4/(-8) + 0. Suppose a = -y + 10. What is the greatest co